{"id":29,"date":"2023-01-22T18:38:27","date_gmt":"2023-01-22T17:38:27","guid":{"rendered":"https:\/\/milagrosisabelcobos.wordpress.com\/?page_id=29"},"modified":"2023-06-11T16:58:02","modified_gmt":"2023-06-11T16:58:02","slug":"milagros-isabel-cobos-descripcion","status":"publish","type":"page","link":"https:\/\/milagrosisabelcobos.com\/?page_id=29","title":{"rendered":"Milagros Isabel Cobos"},"content":{"rendered":"\n<div class=\"wp-block-columns is-layout-flex wp-container-3\">\n<div class=\"wp-block-column is-layout-flow\" style=\"flex-basis:100%\">\n<div class=\"wp-block-group is-layout-constrained\"><div class=\"wp-block-group__inner-container\">\n<div class=\"wp-block-jetpack-layout-grid column1-desktop-grid__span-6 column1-desktop-grid__row-1 column2-desktop-grid__span-5 column2-desktop-grid__start-8 column2-desktop-grid__row-1 column1-tablet-grid__span-4 column1-tablet-grid__row-1 column2-tablet-grid__span-4 column2-tablet-grid__start-5 column2-tablet-grid__row-1 column1-mobile-grid__span-4 column1-mobile-grid__row-1 column2-mobile-grid__span-4 column2-mobile-grid__row-2\">\n<div class=\"wp-block-jetpack-layout-grid-column wp-block-jetpack-layout-grid__padding-none\">\n<p>La visualizaci\u00f3n de mi obra es un analisis del espacio urbano y apariencias te\u00f3ricas actuales, juega con la psicolog\u00eda de la percepci\u00f3n.<br>Las leyes de las formas y atributos de los aspectos visuales sim\u00e9tricos.<br>Secci\u00f3n aurea\u00a0 y ley de tercios, es figurativa y vanguardista.<br>Soy consciente de que los atributos de la pintura, la escultura y el arte en general es abierto, subjetivo y discutibles.<\/p>\n<p>Milagros Isabel Cobos.<\/p>\n<p>Una visi\u00f3n del arte capaz de estimular debates, y la dedicaci\u00f3n del tiempo libre a la cultura, son dos caracter\u00edsticas fundamentales de mi proyecto.<\/p>\n<\/div>\n<div class=\"wp-block-jetpack-layout-grid-column wp-block-jetpack-layout-grid__padding-none\">\n<figure class=\"wp-block-image size-large is-resized\"><img decoding=\"async\" loading=\"lazy\" src=\"https:\/\/milagrosisabelcobos.files.wordpress.com\/2023\/01\/milagrosisabelfoto.jpg?w=305\" alt=\"\" class=\"wp-image-57\" width=\"310\" height=\"338\" srcset=\"https:\/\/milagrosisabelcobos.com\/wp-content\/uploads\/2023\/01\/milagrosisabelfoto.jpg 305w, https:\/\/milagrosisabelcobos.com\/wp-content\/uploads\/2023\/01\/milagrosisabelfoto-275x300.jpg 275w\" sizes=\"(max-width: 310px) 100vw, 310px\" \/><\/figure>\n<\/div>\n<\/div>\n<\/div><\/div>\n<\/div>\n<\/div>\n","protected":false},"excerpt":{"rendered":"<p>La visualizaci\u00f3n de mi obra es un analisis del espacio urbano y apariencias te\u00f3ricas actuales, juega con la psicolog\u00eda de la percepci\u00f3n.Las leyes de las formas y atributos de los aspectos visuales sim\u00e9tricos.Secci\u00f3n aurea\u00a0 y ley de tercios, es figurativa y vanguardista.Soy consciente de que los atributos de la pintura, la escultura y el arte [&hellip;]<\/p>\n","protected":false},"author":1,"featured_media":57,"parent":0,"menu_order":0,"comment_status":"closed","ping_status":"closed","template":"","meta":{"_mi_skip_tracking":false,"_monsterinsights_sitenote_active":false,"_monsterinsights_sitenote_note":"","_monsterinsights_sitenote_category":0},"yoast_head":"<!-- This site is optimized with the Yoast SEO plugin v20.8 - https:\/\/yoast.com\/wordpress\/plugins\/seo\/ -->\n<title>Milagros Isabel Cobos - Milagros Isabel Cobos - Artes Pl\u00e1sticas<\/title>\n<meta name=\"description\" content=\"Milagros Isabel Cobos - Descripci\u00f3n. La visualizaci\u00f3n de mi obra es un analisis del espacio urbano y apariencias te\u00f3ricas actuales.\" \/>\n<meta name=\"robots\" content=\"index, follow, max-snippet:-1, max-image-preview:large, max-video-preview:-1\" \/>\n<link rel=\"canonical\" href=\"https:\/\/milagrosisabelcobos.com\/?page_id=29\" \/>\n<meta property=\"og:locale\" content=\"en_US\" \/>\n<meta property=\"og:type\" content=\"article\" \/>\n<meta property=\"og:title\" content=\"Milagros Isabel Cobos - Milagros Isabel Cobos - Artes Pl\u00e1sticas\" \/>\n<meta property=\"og:description\" content=\"Milagros Isabel Cobos - Descripci\u00f3n. La visualizaci\u00f3n de mi obra es un analisis del espacio urbano y apariencias te\u00f3ricas actuales.\" \/>\n<meta property=\"og:url\" content=\"https:\/\/milagrosisabelcobos.com\/?page_id=29\" \/>\n<meta property=\"og:site_name\" content=\"Milagros Isabel Cobos - Artes Pl\u00e1sticas\" \/>\n<meta property=\"article:publisher\" content=\"https:\/\/www.facebook.com\/MilagrosIsabelCobos\/\" \/>\n<meta property=\"article:modified_time\" content=\"2023-06-11T16:58:02+00:00\" \/>\n<meta property=\"og:image\" content=\"https:\/\/milagrosisabelcobos.com\/wp-content\/uploads\/2023\/01\/milagrosisabelfoto.jpg\" \/>\n\t<meta property=\"og:image:width\" content=\"305\" \/>\n\t<meta property=\"og:image:height\" content=\"333\" \/>\n\t<meta property=\"og:image:type\" content=\"image\/jpeg\" \/>\n<meta name=\"twitter:card\" content=\"summary_large_image\" \/>\n<meta name=\"twitter:label1\" content=\"Est. reading time\" \/>\n\t<meta name=\"twitter:data1\" content=\"1 minute\" \/>\n<script type=\"application\/ld+json\" class=\"yoast-schema-graph\">{\"@context\":\"https:\/\/schema.org\",\"@graph\":[{\"@type\":\"WebPage\",\"@id\":\"https:\/\/milagrosisabelcobos.com\/?page_id=29\",\"url\":\"https:\/\/milagrosisabelcobos.com\/?page_id=29\",\"name\":\"Milagros Isabel Cobos - Milagros Isabel Cobos - Artes Pl\u00e1sticas\",\"isPartOf\":{\"@id\":\"https:\/\/milagrosisabelcobos.com\/#website\"},\"datePublished\":\"2023-01-22T17:38:27+00:00\",\"dateModified\":\"2023-06-11T16:58:02+00:00\",\"description\":\"Milagros Isabel Cobos - Descripci\u00f3n. La visualizaci\u00f3n de mi obra es un analisis del espacio urbano y apariencias te\u00f3ricas actuales.\",\"breadcrumb\":{\"@id\":\"https:\/\/milagrosisabelcobos.com\/?page_id=29#breadcrumb\"},\"inLanguage\":\"en-US\",\"potentialAction\":[{\"@type\":\"ReadAction\",\"target\":[\"https:\/\/milagrosisabelcobos.com\/?page_id=29\"]}]},{\"@type\":\"BreadcrumbList\",\"@id\":\"https:\/\/milagrosisabelcobos.com\/?page_id=29#breadcrumb\",\"itemListElement\":[{\"@type\":\"ListItem\",\"position\":1,\"name\":\"Portada\",\"item\":\"https:\/\/milagrosisabelcobos.com\/\"},{\"@type\":\"ListItem\",\"position\":2,\"name\":\"Milagros Isabel Cobos\"}]},{\"@type\":\"WebSite\",\"@id\":\"https:\/\/milagrosisabelcobos.com\/#website\",\"url\":\"https:\/\/milagrosisabelcobos.com\/\",\"name\":\"Milagros Isabel Cobos - Artes Pl\u00e1sticas\",\"description\":\"Expongo mi arte mediante mis cuadros\",\"publisher\":{\"@id\":\"https:\/\/milagrosisabelcobos.com\/#\/schema\/person\/54b511bad90fade2e4cc835c994ee368\"},\"alternateName\":\"Mila Isabel Cobos\",\"potentialAction\":[{\"@type\":\"SearchAction\",\"target\":{\"@type\":\"EntryPoint\",\"urlTemplate\":\"https:\/\/milagrosisabelcobos.com\/?s={search_term_string}\"},\"query-input\":\"required name=search_term_string\"}],\"inLanguage\":\"en-US\"},{\"@type\":[\"Person\",\"Organization\"],\"@id\":\"https:\/\/milagrosisabelcobos.com\/#\/schema\/person\/54b511bad90fade2e4cc835c994ee368\",\"name\":\"milagrosisabelcobos.com\",\"image\":{\"@type\":\"ImageObject\",\"inLanguage\":\"en-US\",\"@id\":\"https:\/\/milagrosisabelcobos.com\/#\/schema\/person\/image\/\",\"url\":\"https:\/\/milagrosisabelcobos.com\/wp-content\/uploads\/2023\/06\/MilagrosIsabelFoto.jpg\",\"contentUrl\":\"https:\/\/milagrosisabelcobos.com\/wp-content\/uploads\/2023\/06\/MilagrosIsabelFoto.jpg\",\"width\":305,\"height\":333,\"caption\":\"milagrosisabelcobos.com\"},\"logo\":{\"@id\":\"https:\/\/milagrosisabelcobos.com\/#\/schema\/person\/image\/\"},\"description\":\"Nacida en Segovia, Espa\u00f1a y con viajes alrededor del mundo para plasmar mi arte en mis cuadros.\",\"sameAs\":[\"http:\/\/milagrosisabelcobos.com\",\"https:\/\/www.facebook.com\/MilagrosIsabelCobos\/\",\"https:\/\/www.instagram.com\/milagrosisabelcobos\"]}]}<\/script>\n<!-- \/ Yoast SEO plugin. -->","yoast_head_json":{"title":"Milagros Isabel Cobos - Milagros Isabel Cobos - Artes Pl\u00e1sticas","description":"Milagros Isabel Cobos - Descripci\u00f3n. La visualizaci\u00f3n de mi obra es un analisis del espacio urbano y apariencias te\u00f3ricas actuales.","robots":{"index":"index","follow":"follow","max-snippet":"max-snippet:-1","max-image-preview":"max-image-preview:large","max-video-preview":"max-video-preview:-1"},"canonical":"https:\/\/milagrosisabelcobos.com\/?page_id=29","og_locale":"en_US","og_type":"article","og_title":"Milagros Isabel Cobos - Milagros Isabel Cobos - Artes Pl\u00e1sticas","og_description":"Milagros Isabel Cobos - Descripci\u00f3n. La visualizaci\u00f3n de mi obra es un analisis del espacio urbano y apariencias te\u00f3ricas actuales.","og_url":"https:\/\/milagrosisabelcobos.com\/?page_id=29","og_site_name":"Milagros Isabel Cobos - Artes Pl\u00e1sticas","article_publisher":"https:\/\/www.facebook.com\/MilagrosIsabelCobos\/","article_modified_time":"2023-06-11T16:58:02+00:00","og_image":[{"width":305,"height":333,"url":"https:\/\/milagrosisabelcobos.com\/wp-content\/uploads\/2023\/01\/milagrosisabelfoto.jpg","type":"image\/jpeg"}],"twitter_card":"summary_large_image","twitter_misc":{"Est. reading time":"1 minute"},"schema":{"@context":"https:\/\/schema.org","@graph":[{"@type":"WebPage","@id":"https:\/\/milagrosisabelcobos.com\/?page_id=29","url":"https:\/\/milagrosisabelcobos.com\/?page_id=29","name":"Milagros Isabel Cobos - Milagros Isabel Cobos - Artes Pl\u00e1sticas","isPartOf":{"@id":"https:\/\/milagrosisabelcobos.com\/#website"},"datePublished":"2023-01-22T17:38:27+00:00","dateModified":"2023-06-11T16:58:02+00:00","description":"Milagros Isabel Cobos - Descripci\u00f3n. La visualizaci\u00f3n de mi obra es un analisis del espacio urbano y apariencias te\u00f3ricas actuales.","breadcrumb":{"@id":"https:\/\/milagrosisabelcobos.com\/?page_id=29#breadcrumb"},"inLanguage":"en-US","potentialAction":[{"@type":"ReadAction","target":["https:\/\/milagrosisabelcobos.com\/?page_id=29"]}]},{"@type":"BreadcrumbList","@id":"https:\/\/milagrosisabelcobos.com\/?page_id=29#breadcrumb","itemListElement":[{"@type":"ListItem","position":1,"name":"Portada","item":"https:\/\/milagrosisabelcobos.com\/"},{"@type":"ListItem","position":2,"name":"Milagros Isabel Cobos"}]},{"@type":"WebSite","@id":"https:\/\/milagrosisabelcobos.com\/#website","url":"https:\/\/milagrosisabelcobos.com\/","name":"Milagros Isabel Cobos - Artes Pl\u00e1sticas","description":"Expongo mi arte mediante mis cuadros","publisher":{"@id":"https:\/\/milagrosisabelcobos.com\/#\/schema\/person\/54b511bad90fade2e4cc835c994ee368"},"alternateName":"Mila Isabel Cobos","potentialAction":[{"@type":"SearchAction","target":{"@type":"EntryPoint","urlTemplate":"https:\/\/milagrosisabelcobos.com\/?s={search_term_string}"},"query-input":"required name=search_term_string"}],"inLanguage":"en-US"},{"@type":["Person","Organization"],"@id":"https:\/\/milagrosisabelcobos.com\/#\/schema\/person\/54b511bad90fade2e4cc835c994ee368","name":"milagrosisabelcobos.com","image":{"@type":"ImageObject","inLanguage":"en-US","@id":"https:\/\/milagrosisabelcobos.com\/#\/schema\/person\/image\/","url":"https:\/\/milagrosisabelcobos.com\/wp-content\/uploads\/2023\/06\/MilagrosIsabelFoto.jpg","contentUrl":"https:\/\/milagrosisabelcobos.com\/wp-content\/uploads\/2023\/06\/MilagrosIsabelFoto.jpg","width":305,"height":333,"caption":"milagrosisabelcobos.com"},"logo":{"@id":"https:\/\/milagrosisabelcobos.com\/#\/schema\/person\/image\/"},"description":"Nacida en Segovia, Espa\u00f1a y con viajes alrededor del mundo para plasmar mi arte en mis cuadros.","sameAs":["http:\/\/milagrosisabelcobos.com","https:\/\/www.facebook.com\/MilagrosIsabelCobos\/","https:\/\/www.instagram.com\/milagrosisabelcobos"]}]}},"_links":{"self":[{"href":"https:\/\/milagrosisabelcobos.com\/index.php?rest_route=\/wp\/v2\/pages\/29"}],"collection":[{"href":"https:\/\/milagrosisabelcobos.com\/index.php?rest_route=\/wp\/v2\/pages"}],"about":[{"href":"https:\/\/milagrosisabelcobos.com\/index.php?rest_route=\/wp\/v2\/types\/page"}],"author":[{"embeddable":true,"href":"https:\/\/milagrosisabelcobos.com\/index.php?rest_route=\/wp\/v2\/users\/1"}],"replies":[{"embeddable":true,"href":"https:\/\/milagrosisabelcobos.com\/index.php?rest_route=%2Fwp%2Fv2%2Fcomments&post=29"}],"version-history":[{"count":2,"href":"https:\/\/milagrosisabelcobos.com\/index.php?rest_route=\/wp\/v2\/pages\/29\/revisions"}],"predecessor-version":[{"id":316,"href":"https:\/\/milagrosisabelcobos.com\/index.php?rest_route=\/wp\/v2\/pages\/29\/revisions\/316"}],"wp:featuredmedia":[{"embeddable":true,"href":"https:\/\/milagrosisabelcobos.com\/index.php?rest_route=\/wp\/v2\/media\/57"}],"wp:attachment":[{"href":"https:\/\/milagrosisabelcobos.com\/index.php?rest_route=%2Fwp%2Fv2%2Fmedia&parent=29"}],"curies":[{"name":"wp","href":"https:\/\/api.w.org\/{rel}","templated":true}]}}